40448552.
1432
What is the highest common factor of 7764081 and 14909?
877
Calculate the greatest common divisor of 688940154 and 54.
54
Calculate the greatest common factor of 964355 and 3136735.
2065
What is the highest common factor of 1017266798 and 11996?
5998
What is the highest common divisor of 79248819 and 39?
39
What is the highest common divisor of 50345 and 3075?
5
Calculate the highest common factor of 54 and 13022829.
27
Calculate the highest common factor of 5607 and 1935.
9
What is the highest common divisor of 22 and 89966833?
11
Calculate the greatest common factor of 231931 and 189053.
1949
What is the greatest common factor of 59033603 and 1399?
1399
What is the greatest common divisor of 48510 and 210651?
147
Calculate the highest common divisor of 324301377 and 1956.
489
Calculate the greatest common factor of 5518227 and 3.
3
What is the highest common divisor of 939 and 37453893?
939
Calculate the highest common divisor of 8136719 and 318.
53
What is the greatest common factor of 59791955 and 665?
95
Calculate the greatest common factor of 1566 and 33217122.
174
Calculate the greatest common divisor of 7 and 1456243.
1
Calculate the greatest common factor of 51825549 and 8145.
543
Calculate the highest common factor of 11604168 and 96.
24
Calculate the greatest common divisor of 3084 and 114662092.
1028
What is the highest common divisor of 3760 and 28479368?
376
Calculate the highest common factor of 23177440 and 13585.
715
Calculate the greatest common divisor of 120501609 and 1419.
129
Calculate the highest common factor of 2235 and 574038145.
745
What is the greatest common divisor of 10980808 and 4718?
674
Calculate the greatest common divisor of 794037 and 2169500.
4339
What is the greatest common divisor of 608 and 1134794?
38
What is the highest common divisor of 867 and 37582427?
289
Calculate the greatest common factor of 643564 and 29116.
1004
What is the greatest common divisor of 34949179 and 471643?
4327
Calculate the highest common divisor of 88 and 22243408.
88
Calculate the highest common factor of 651488 and 100.
4
Calculate the highest common factor of 39963 and 64017093.
3633
Calculate the greatest common divisor of 1412 and 27819224.
1412
What is the highest common divisor of 20 and 550552540?
20
What is the greatest common factor of 9381790 and 2552?
638
What is the greatest common divisor of 352 and 19758992?
176
What is the greatest common factor of 10026 and 6280732?
1114
What is the greatest common divisor of 8064 and 2711520?
2016
What is the greatest common factor of 266175 and 24115?
455
Calculate the highest common divisor of 18327369 and 49159.
4469
Calculate the highest common factor of 491338 and 1457.
47
What is the greatest common divisor of 127504091 and 11102?
793
What is the highest common factor of 4324 and 58492?
4
Calculate the greatest common factor of 3187706 and 2384.
298
What is the greatest common factor of 19736 and 13279861?
2467
What is the greatest common factor of 1185548 and 616?
28
What is the highest common factor of 69352961 and 307936?
9623
What is the greatest common factor of 898668 and 47088?
108
Calculate the highest common factor of 117 and 117387.
9
Calculate the highest common divisor of 139 and 19268041.
139
What is the greatest common factor of 825 and 77075?
25
What is the greatest common divisor of 15499726 and 7029?
781
What is the highest common factor of 1430 and 7455305?
715
What is the highest common divisor of 11 and 61835213?
11
What is the greatest common divisor of 4168 and 8783018?
1042
What is the greatest common divisor of 3165503 and 49817?
31
Calculate the highest common divisor of 13940 and 4030054.
1394
Calculate the greatest common divisor of 44 and 1066956.
44
What is the highest common divisor of 12376 and 9286550?
182
What is the greatest common divisor of 1268 and 752241?
317
Calculate the highest common factor of 7378 and 225302.
14
What is the greatest common divisor of 14871840 and 70?
10
What is the highest common divisor of 2 and 693382?
2
What is the highest common factor of 832213580 and 748?
748
What is the greatest common divisor of 8307 and 394712643?
2769
Calculate the highest common divisor of 23 and 9970634.
1
Calculate the highest common divisor of 303472 and 236184.
104
Calculate the greatest common divisor of 491694 and 1086715.
3563
Calculate the highest common divisor of 2911836 and 3879.
1293
What is the greatest common divisor of 106508672 and 10880?
2176
What is the highest common divisor of 1578528 and 11397?
87
What is the greatest common factor of 3 and 251375952?
3
Calculate the highest common divisor of 8112846 and 1344.
42
What is the greatest common divisor of 704 and 852608?
64
What is the greatest common divisor of 1695 and 318661695?
1695
Calculate the greatest common divisor of 224688 and 120993.
93
What is the greatest common divisor of 1988585 and 53?
1
What is the greatest common divisor of 1051015 and 28?
7
What is the greatest common divisor of 759259 and 10526?
19
Calculate the greatest common divisor of 993586 and 196460.
418
What is the highest common divisor of 4480 and 2176600?
40
Calculate the highest common divisor of 19 and 2552354303.
19
Calculate the greatest common factor of 1893 and 7082975.
631
Calculate the highest common factor of 2983 and 288249.
19
Calculate the highest common divisor of 52 and 29535935.
13
What is the highest common divisor of 1800 and 10553600?
200
What is the greatest common divisor of 14058 and 1663956?
1278
What is the greatest common divisor of 77 and 111097812?
7
Calculate the highest common divisor of 33036133 and 39.
13
What is the highest common factor of 2448 and 433440?
144
What is the highest common factor of 2176 and 9225344?
128
What is the highest common divisor of 16 and 4605176?
8
What is the highest common factor of 238656780 and 243?
81
What is the highest common factor of 4800 and 132881600?
1600
Calculate the highest common divisor of 1777832 and 13356.
1484
What is the highest common divisor of 2243211380 and 4045?
4045
What is the highest common divisor of 136053180 and 18?
18
What is the greatest common divisor of 12222 and 18403?
7
Calculate the greatest common divisor of 48 and 1240845648.
48
Calculate the highest common divisor of 352 and 92528.
16
Calculate the highest common divisor of 7249932 and 48.
12
What is the greatest common factor of 23447861 and 3?
1
What is the greatest common factor of 1176 and 1827896?
392
Calculate the highest common factor of 261140187 and 62.
31
What is the greatest common divisor of 39744068 and 676?
676
What is the greatest common divisor of 3720 and 14410040?
1240
Calculate the greatest common divisor of 355969575 and 3406.
1703
What is the greatest common factor of 755471 and 40991?
229
What is the highest common divisor of 8748 and 1450224?
972
What is the greatest common factor of 168 and 28056056?
56
Calculate the greatest common factor of 368638 and 690842.
218
Calculate the greatest common factor of 2758625 and 1203500.
3625
What is the greatest common divisor of 100027 and 19665?
23
Calculate the highest common factor of 1187 and 829606170.
1187
What is the highest common factor of 2036229 and 2395?
479
Calculate the highest common divisor of 60603525 and 54.
27
Calculate the highest common divisor of 2453 and 19010750.
2453
What is the greatest common factor of 9876 and 32682?
6
Calculate the greatest common divisor of 469339 and 1302236.
1027
Calculate the highest common factor of 149223592 and 56.
56
Calculate the greatest common factor of 25 and 6535825.
25
Calculate the highest common divisor of 17105277 and 93.
3
Calculate the highest common factor of 24331 and 1080632.
839
What is the highest common factor of 99 and 2461077?
9
Calculate the greatest common factor of 139006861 and 122.
61
Calculate the greatest common factor of 55 and 172643581.
11
What is the highest common factor of 877515 and 7695?
285
Calculate the highest common divisor of 308302246 and 2.
2
Calculate the highest common factor of 38682 and 20023461.
2763
Calculate the highest common factor of 19851566 and 98.
98
What is the greatest common divisor of 219415 and 18656544?
6269
What is the greatest common divisor